ivided by 18?
17
Suppose -a = -3*i + 248 - 97, -3*a - 193 = -4*i. What is the remainder when 14557 is divided by i?
49
Let k(b) = -b**2 + b + 52. Let r be 6/(-4) + (-21)/(-2). Suppose -8*h = -r*h + 18. Calculate the remainder when k(0) is divided by h.
16
Let q = 24 + -18. Suppose -q*v - 88 = -7*v. Let b = 12 + 3. What is the remainder when v is divided by b?
13
Let j = 9556 + -9473. Calculate the remainder when 244 is divided by j.
78
Let a(h) = h**3 + 49*h**2 + 528*h + 9. Suppose 0 = -2*k - 7 - 5. Let p(m) = -9*m - 1. What is the remainder when p(k) is divided by a(-16)?
8
Let j(m) = 33*m - 600. What is the remainder when j(47) is divided by 23?
8
Suppose 5*n - 8 = -2*l + 143, 5*n - 4*l = 133. Calculate the remainder when (260/(-104))/((-2)/44) is divided by n.
26
Let v(p) = -13*p + 321. Calculate the remainder when 410 is divided by v(16).
71
Let a(c) be the first derivative of -c**4/4 - 13*c**3/3 + 6*c**2 - 3*c - 3. Suppose 0*y = -2*y - 28. Calculate the remainder when a(y) is divided by 16.
9
Suppose 38*o - 36 = 34*o. Let d(n) = 2*n + 50. Let j be 3 + (1/((-2)/50) - 1). Calculate the remainder when o is divided by d(j).
1
Let l = -9130 - -9204. Calculate the remainder when 1698 is divided by l.
70
Let i be (-2)/5 - (-52)/5. Let p = i - 9. Let a = 475 + -471. What is the remainder when a is divided by p?
0
Let y(s) = -s**3 - 12*s**2 - 11*s + 12. Let k be (1/3)/(19/969). Let z = 6 - k. Calculate the remainder when 81 is divided by y(z).
9
Calculate the remainder when ((-163)/(-3))/(256/13056) is divided by 25.
21
Let d(k) = -6*k**2 - 258*k - 700. Let p(f) = 5*f**2 - 6. Let h(r) = r**2 - 6*r - 11. Let a be h(8). Calculate the remainder when p(a) is divided by d(-40).
19
Calculate the remainder when 191 is divided by ((0 + 6)*292/(-8))/(-3).
45
Let d = 5501 - 5295. Calculate the remainder when 7003 is divided by d.
205
Let o = 4733 + -3373. Calculate the remainder when 1149 is divided by (-36)/(-15)*o/51.
61
Calculate the remainder when 878 is divided by (-1452)/(-143) + 16/(-104).
8
Let u = 11 + 28. What is the remainder when (-4)/(-1 + 11 + -5) + (-774)/(-5) is divided by u?
37
Suppose -3*m + w = m - 141, -40 = -m + 5*w. What is the remainder when 415 is divided by m?
30
Suppose -66*a + 14*a = 27*a - 2765. What is the remainder when 44 is divided by a?
9
What is the remainder when (-1)/(1/((-107094)/6)) - 15/(-3) is divided by 64?
62
Let n(k) = 11*k**2 - 4*k + 3. Suppose -4*j - 4*y - 8 + 72 = 0, 4*y + 48 = 3*j. Let x = 19 - j. Calculate the remainder when n(x) is divided by 31.
28
Let o be -6 + -55 + (-4 - -1). Let m = -51 - o. Calculate the remainder when 48 is divided by m.
9
Suppose 4*d = -2*x + 2768, 2744 = 4*d + x - 5*x. What is the remainder when d is divided by 190?
120
Suppose 2*l + 379 + 656 = 3*n, -3*n - 4*l = -1017. Calculate the remainder when n is divided by 3.
1
Let h be 36/(-2 + 6) - -1. Suppose 13 = 2*u + 9. Suppose -k + 3*k - h = u*m, -2*k + 25 = 3*m. Calculate the remainder when 15 is divided by k.
7
Suppose 3*m - 84 = 114. Calculate the remainder when 9 - 2/(-9*14/7245) is divided by m.
58
Calculate the remainder when ((-21324)/(-7))/(-7 + (1377/63)/3) is divided by 27.
24
Suppose -3098 + 826 = -142*w. What is the remainder when 3775 is divided by w?
15
Suppose -13 = -p - 3*f, -44 = -4*p + 2*f + 8. Calculate the remainder when (201/(4 - 7))/(3/(-15)) is divided by p.
10
Let q(n) = 6*n + 45. Let i = 174 - 181. What is the remainder when 33 is divided by q(i)?
0
Suppose 5*w + 512 = h, 0 = w + 4 + 3. Calculate the remainder when h is divided by 66.
15
Let l(k) = -k**2 - 16*k - 16. What is the remainder when 502 is divided by l(-10)?
18
Let l be (-2)/14 - ((-660)/14)/1. Let i = l + -4. Suppose -2*o + 17 = -7. Calculate the remainder when i is divided by o.
7
Let t(s) = -18 + 5*s - s**2 - 5*s - 10*s. Let w be t(-10). Calculate the remainder when 85 is divided by 3*6/(w/(-29)).
27
Let h be 24/8 + (-3)/(-3). Suppose 5*p = 4*o + h, 3*p - 8 = -0*o + o. What is the remainder when 24 is divided by p?
0
Let a(s) = 5*s**2 + 2*s. Let z = -180 + -96. Let d = -263 - z. What is the remainder when a(3) is divided by d?
12
Suppose -s + 369 = -3*b, 20*b + 1526 = 4*s + 18*b. Calculate the remainder when s is divided by 80.
64
Suppose 13 + 23 = 6*f. What is the remainder when 13 is divided by 9/f - (-1)/2*7?
3
Suppose -205 = 27*l - 70. What is the remainder when 89 is divided by 30/(l + 52/8)?
9
Suppose 221*g + h = 219*g + 689, 4*h = 5*g - 1716. Calculate the remainder when g is divided by 337.
7
Let y = 20 + -6. Suppose -4*w + 1874 = -2*q, 2*w + q - 850 = 81. Suppose -10*p + 333 = -w. Calculate the remainder when p is divided by y.
10
Let h(n) = -5*n**3 - 674*n**2 + 815*n - 74. Calculate the remainder when 196 is divided by h(-136).
10
What is the remainder when 958 is divided by (-5547)/(-172) - ((-4)/8 + (-7)/(-4))?
28
Let x = 3576 - 3572. Calculate the remainder when 107 is divided by x.
3
Suppose -13*w = 3*l - 14*w - 141, 0 = -w - 3. Suppose -41*o = -l*o + 105. What is the remainder when o is divided by 8?
5
Suppose 11*b - 21*b - 50 = 0. Calculate the remainder when 4*((-29)/(-2) + 0) is divided by (-5 - b/(-1))*-2.
18
Let h(q) = -q**3 - 39*q**2 - 76*q - 63. Let l be h(-37). Calculate the remainder when 19 is divided by -3*1 - (-3 - l).
8
What is the remainder when 0 + 1 - 12/(-10)*4335/34 is divided by 119?
35
Suppose 154*v + 1216 = -98 + 5780. What is the remainder when 1913 is divided by v?
28
Suppose n + 79 = 3*m - 3*n, 0 = -4*m - 3*n + 72. Suppose -3*k + 5*i + 291 = 0, -3*k + 28654 - 28399 = -i. What is the remainder when k is divided by m?
19
Suppose g + 0 - 16 = 0. Let s = -189 + 220. Suppose -5*q = 3*u - 13 - 131, 4*q = u - s. What is the remainder when u is divided by g?
11
Let f(m) = -239*m**3 + 18*m**2 + 3*m - 16. Let v(t) = t**2 + 3*t + 7. What is the remainder when f(-1) is divided by v(7)?
7
Let j(l) = 7*l + 12. Let i(k) = -2*k**2 + 2. Let u be i(-1). What is the remainder when -4 + 58*(-4)/(-8) is divided by j(u)?
1
Suppose 3*a = -3*x + 24, 5*x + 6 = 3*a + 22. Suppose -x*u = -5*b + 945, -2*b - 5*u = 2*b - 783. Calculate the remainder when b is divided by 14.
10
Suppose 0 = -5*i - 10, 4*h - 36 = 2*i + 20. Let z(u) = -2*u + 21. Let x be z(8). Calculate the remainder when h is divided by (-5 + 6)/(1/x).
3
Suppose -5*m = 4*g - 83, -m + 2*g + 31 = -2*g. Suppose -2*q + 17 = -45*k + 48*k, -3*k + 19 = q. Calculate the remainder when m is divided by k.
5
Suppose 0 = -8*s + 10*s - 6. Suppose s*h = -2*h + 65. Suppose -726 = -33*a + 330. Calculate the remainder when a is divided by h.
6
Let d(c) = c**2 - 16*c - 5. Let l be d(11). Let o = 29 + l. Let b = o + 79. Calculate the remainder when b is divided by 5.
3
Suppose -135 = 2*x + 55. Let u = -91 - x. Suppose 0 = -w - 2*a + 19, 0 = -w - u*w - 2*a + 103. What is the remainder when 31 is divided by w?
10
Let b be 7 - 10 - 31/(-1). Suppose 3*w - w + 3*k = 18, 5*w - b = k. What is the remainder when 2/w*(1 - 276/(-3)) is divided by 12?
7
Suppose -19*c + 22*c - 60 = 0. Suppose -6*j = -c + 8. Suppose -4*p = -y, -j*p - 3*p - 11 = -4*y. What is the remainder when p is divided by 1?
0
Let t = -499 + 268. Let x = t - -262. What is the remainder when x is divided by 28?
3
Let b = -117 + 123. What is the remainder when (-6 - -353)/1 - b is divided by 43?
40
Let k = 1 - 0. Let t be (-12 + (5 - -2))*1. Calculate the remainder when -27 + 36 - t/(-1) is divided by k.
0
Let s = -6526 - -6937. What is the remainder when s is divided by 76?
31
What is the remainder when 188 is divided by 7 + 0 + 6 - 9 - 1*-67?
46
Suppose -142*g - 6 = -139*g, 3*v + 10*g = 10. Let q(c) = 2*c - 1. Let p be q(-9). Let j = 20 - p. Calculate the remainder when j is divided by v.
9
Suppose -559*q + 81 = 2*z - 560*q, 2*z - 2*q - 80 = 0. What is the remainder when 97 is divided by z?
15
Let x = 324 - 301. Calculate the remainder when 176/(12/3) + -2 is divided by x.
19
Suppose -16*p = -17*p - 4*u + 25, -3*u - 72 = -2*p. What is the remainder when 3299 is divided by p?
32
Let b = 2927 - 2311. What is the remainder when b is divided by 41?
1
Suppose -271*b + 960 = -231*b. Calculate the remainder when 98 is divided by b.
2
Suppose 3*y = -0 + 3, 3*t - 5*y - 7 = 0. Let w = -94 + 284. Suppose -183 = -3*q - k + t*k, -3*q - 4*k + w 